{"id":8063,"date":"2023-03-09T09:47:10","date_gmt":"2023-03-09T09:47:10","guid":{"rendered":"https:\/\/pago.nbpsicologia.es\/a\/?post_type=product&#038;p=8063"},"modified":"2026-03-18T11:33:36","modified_gmt":"2026-03-18T11:33:36","slug":"matriculacion-experto-en-psicopatologia-integradora","status":"publish","type":"product","link":"https:\/\/pago.nbpsicologia.es\/a\/producto\/matriculacion-experto-en-psicopatologia-integradora\/","title":{"rendered":"Matriculaci\u00f3n Experto en Psicopatolog\u00eda Integradora"},"content":{"rendered":"","protected":false},"excerpt":{"rendered":"<p><span style=\"font-size: 10.5pt; font-family: 'sanchez',serif; color: #666666;\">Se deber\u00e1 abonar una cantidad de 200 euros por la reserva de matr\u00edcula, gesti\u00f3n y tasas de expedici\u00f3n del diploma oficial de UDIMA.<\/span><\/p>\n<p>Una vez reservada la plaza no se devuelve el dinero, tampoco si se realiza el pago de forma \u00edntegra, salvo anulaci\u00f3n de la formaci\u00f3n por parte de la entidad.<\/p>\n<p><strong><a href=\"https:\/\/nbpsicologia.es\/wp-content\/uploads\/2022\/04\/Formulario-Inscripcionacuerdo-2022.pdf\">BOLET\u00cdN DE INSCRIPCI\u00d3N\u00a0<\/a>\u2013 Una vez cumplimentado debe ser enviado a info@nbpsicologia.es<\/strong><\/p>\n<p>Extras a sumar a cualquier tipo de pago en concepto de matriculaci\u00f3n, tasas y\u00a0 diploma del t\u00edtulo universitario con la UDIMA: 200\u20ac<\/p>\n","protected":false},"featured_media":8763,"template":"","meta":{"_et_pb_use_builder":"","_et_pb_old_content":"","_et_gb_content_width":""},"product_brand":[],"product_cat":[48],"product_tag":[],"class_list":{"0":"post-8063","1":"product","2":"type-product","3":"status-publish","4":"has-post-thumbnail","6":"product_cat-matriculas","8":"first","9":"instock","10":"virtual","11":"purchasable","12":"product-type-simple"},"_links":{"self":[{"href":"https:\/\/pago.nbpsicologia.es\/a\/wp-json\/wp\/v2\/product\/8063","targetHints":{"allow":["GET"]}}],"collection":[{"href":"https:\/\/pago.nbpsicologia.es\/a\/wp-json\/wp\/v2\/product"}],"about":[{"href":"https:\/\/pago.nbpsicologia.es\/a\/wp-json\/wp\/v2\/types\/product"}],"wp:featuredmedia":[{"embeddable":true,"href":"https:\/\/pago.nbpsicologia.es\/a\/wp-json\/wp\/v2\/media\/8763"}],"wp:attachment":[{"href":"https:\/\/pago.nbpsicologia.es\/a\/wp-json\/wp\/v2\/media?parent=8063"}],"wp:term":[{"taxonomy":"product_brand","embeddable":true,"href":"https:\/\/pago.nbpsicologia.es\/a\/wp-json\/wp\/v2\/product_brand?post=8063"},{"taxonomy":"product_cat","embeddable":true,"href":"https:\/\/pago.nbpsicologia.es\/a\/wp-json\/wp\/v2\/product_cat?post=8063"},{"taxonomy":"product_tag","embeddable":true,"href":"https:\/\/pago.nbpsicologia.es\/a\/wp-json\/wp\/v2\/product_tag?post=8063"}],"curies":[{"name":"wp","href":"https:\/\/api.w.org\/{rel}","templated":true}]}}